ase 12) to base 10.
7783
What is -4002 (base 8) in base 2?
-100000000010
Convert -20cc0 (base 13) to base 10.
-59306
-736a (base 11) to base 4
-2120130
-2779 (base 14) to base 15
-20e7
What is 15 (base 10) in base 6?
23
Convert 110334 (base 5) to base 11.
2985
Convert 616b (base 12) to base 6.
121015
-101010010000 (base 2) to base 16
-a90
135 (base 16) to base 9
373
176 (base 8) to base 7
240
What is -32235 (base 7) in base 8?
-17515
-12210010 (base 3) to base 6
-31303
Convert -414 (base 14) to base 10.
-802
What is -3b08 (base 15) in base 5?
-400413
Convert -d58 (base 16) to base 13.
-172a
Convert -133301 (base 5) to base 2.
-1010101001011
What is 4872 (base 10) in base 2?
1001100001000
Convert 344d (base 16) to base 6.
141553
-180 (base 15) to base 5
-2340
What is -10000001100001 (base 2) in base 5?
-231124
Convert -12203 (base 5) to base 14.
-4a4
24f (base 16) to base 4
21033
What is 32342 (base 5) in base 15?
9d2
Convert -20b (base 12) to base 10.
-299
-15346 (base 8) to base 3
-100110001
What is -7359 (base 10) in base 14?
-2979
-1110112 (base 3) to base 10
-1067
Convert -f3a1 (base 16) to base 10.
-62369
What is -2224 (base 7) in base 8?
-1442
1033242 (base 5) to base 16
461b
What is -100454 (base 6) in base 2?
-1111100010010
What is 12220 (base 6) in base 10?
1812
10202011112 (base 3) to base 2
10010000000010111
What is 3b3 (base 16) in base 8?
1663
-49e (base 15) to base 6
-4505
-1312 (base 10) to base 2
-10100100000
What is -305 (base 6) in base 14?
-81
Convert c55 (base 14) to base 12.
14a3
-10231 (base 5) to base 10
-691
What is 102023 (base 5) in base 12?
1b64
Convert -4661 (base 7) to base 4.
-122231
-e8 (base 16) to base 15
-107
Convert 2a07 (base 11) to base 4.
330213
5185 (base 12) to base 7
34622
Convert -120 (base 8) to base 12.
-68
What is -3200 (base 9) in base 5?
-33344
-1025 (base 6) to base 9
-278
What is 14753 (base 9) in base 13?
4794
Convert 222011 (base 3) to base 16.
2c2
Convert -808 (base 13) to base 16.
-550
111100001011 (base 2) to base 7
14141
Convert -217640 (base 8) to base 14.
-1cb96
Convert -104 (base 5) to base 6.
-45
-76421 (base 9) to base 6
-1030244
-1166 (base 7) to base 6
-2012
Convert 7187 (base 11) to base 10.
9533
What is 5891 (base 15) in base 8?
44573
Convert 1101130 (base 4) to base 13.
24ac
What is 100202002 (base 3) in base 14?
2835
Convert 1110001101100 (base 2) to base 5.
213101
Convert -106163 (base 8) to base 9.
-54280
What is -1252 (base 7) in base 12?
-33a
323024 (base 5) to base 14
402a
What is 1020 (base 3) in base 12?
29
-111321230 (base 4) to base 15
-1b8a8
What is 212220000 (base 3) in base 2?
100010000000111
-466 (base 13) to base 10
-760
-2404 (base 5) to base 10
-354
What is 420 (base 16) in base 5?
13211
What is -1a0f (base 16) in base 7?
-25310
What is 2201200 (base 3) in base 15?
8c9
What is 8058 (base 13) in base 15?
5369
What is 13013012 (base 4) in base 9?
43852
-15a9 (base 12) to base 6
-15533
Convert 1856 (base 13) to base 10.
3620
What is 111111101 (base 2) in base 5?
4014
5db6 (base 15) to base 6
232243
What is 11 (base 2) in base 10?
3
What is -2002112022 (base 3) in base 16?
-a0fa
What is -3022 (base 5) in base 9?
-470
Convert 1a15b (base 14) to base 10.
66133
-55316 (base 9) to base 10
-36708
Convert 3103320 (base 4) to base 2.
11010011111000
-5572 (base 14) to base 10
-14800
-13363 (base 12) to base 14
-98b9
Convert 510 (base 8) to base 12.
234
What is d2c0 (base 14) in base 10?
36232
-112662 (base 7) to base 5
-1121412
What is -4132 (base 15) in base 16?
-35cc
What is -c82 (base 15) in base 10?
-2822
What is -166 (base 14) in base 10?
-286
Convert -22021012 (base 3) to base 13.
-2987
Convert 72536 (base 8) to base 4.
13111132
Convert -7b7 (base 14) to base 12.
-a79
Convert -2b1 (base 16) to base 11.
-577
-201111 (base 3) to base 7
-1351
Convert 192 (base 13) to base 4.
10200
What is 1530 (base 6) in base 12?
2a6
Convert 21a (base 12) to base 6.
1234
3382 (base 15) to base 14
3da2
30422 (base 5) to base 6
13111
Convert 5929 (base 13) to base 6.
134021
11201 (base 4) to base 3
111002
What is -10110001001111 (base 2) in base 11?
-8582
Convert -1122121102 (base 3) to base 15.
-997e
Convert 4a1 (base 14) to base 6.
4141
-1264a (base 12) to base 2
-110001000011010
Convert -3357 (base 12) to base 9.
-7714
What is 109b (base 13) in base 2?
100100010101
What is -11a75 (base 13) in base 4?
-13330200
What is 122002110 (base 3) in base 2?
11000010101011
221022 (base 3) to base 11
571
Convert 220210 (base 3) to base 15.
2e9
What is -639 (base 12) in base 10?
-909
Convert -415 (base 12) to base 4.
-21101
What is -63 (base 14) in base 11?
-7a
Convert 22222 (base 4) to base 6.
3054
What is 2405 (base 14) in base 8?
14205
-4035 (base 10) to base 15
-12e0
12971 (base 14) to base 4
23023013
7e (base 16) to base 12
a6
210 (base 13) to base 15
186
Convert 2375 (base 14) to base 8.
14043
-1300102 (base 4) to base 13
-336a
What is 154 (base 9) in base 6?
334
What is -230414 (base 5) in base 9?
-12258
Convert -662 (base 10) to base 11.
-552
What is 11100001010 (base 2) in base 14?
92a
a0 (base 11) to base 9
132
Convert -121030 (base 4) to base 11.
-1236
What is -153607 (base 8) in base 2?
-1101011110000111
4020 (base 6) to base 11
727
What is 56765 (base 8) in base 16?
5df5
What is -113431 (base 5) in base 2?
-1000010010001
Convert -e36 (base 15) to base 11.
-2450
Convert 5512 (base 12) to base 6.
111222
What is 11011111 (base 2) in base 13?
142
Convert -121b (base 16) to base 10.
-4635
Convert 20323 (base 4) to base 3.
210011
-2011 (base 8) to base 16
-409
What is 1f2c (base 16) in base 3?
101221120
What is 1225 (base 7) in base 9?
561
Convert -20d (base 14) to base 12.
-299
Convert -4a01 (base 14) to base 15.
-3c77
What is -531 (base 7) in base 9?
-326
Convert -101111111 (base 2) to base 6.
-1435
-350 (base 9) to base 11
-242
What is -153452 (base 6) in base 7?
-61652
Convert 891 (base 14) to base 2.
11010011111
6342 (base 10) to base 7
24330
What is 61253 (base 7) in base 8?
35045
What is -4419 (base 14) in base 13?
-5495
Convert 33220 (base 7) to base 14.
3080
Convert -5320 (base 13) to base 4.
-2303332
28b9 (base 15) to base 3
102222010
515a (base 12) to base 15
2954
What is -1102111001 (base 3) in base 11?
-1a094
Convert a41 (base 13) to base 6.
12023
-21302 (base 4) to base 15
-2bb
Convert -1033212 (base 4) to base 15.
-1799
1042101 (base 5) to base 8
43741
What is -1167 (base 8) in base 7?
-1561
Convert 158 (base 15) to base 16.
134
Convert 11212000 (base 3) to base 9.
4760
Convert 13e4 (base 16) to base 13.
2419
130023 (base 4) to base 14
92b
Convert 1243 (base 8) to base 15.
300
-ad6 (base 16) to base 5
-42044
-4165 (base 7) to base 11
-1115
Convert 2c78 (base 16) to base 2.
10110001111000
Convert 408 (base 11) to base 14.
272
Convert 15605 (base 8) to base 12.
40b1
Convert 6413 (base 8) to base 3.
11120200
What is -12439 (base 12) in base 3?
-1021001000
435035 (base 6) to base 14
d223
-258 (base 9) to base 12
-15b
What is -2232102 (base 5) in base 10?
-39652
-13a20 (base 11) to base 3
-1000020210
What is -9672 (base 12) in base 16?
-4076
Convert 370 (base 14) to base 5.
10221
What is 206 (base 11) in base 12?
188
What is -1590 (base 11) in base 6?
-13231
Convert 1222211 (base 3) to base 9.
1884
-8904 (base 12) to base 14
-5724
-15104 (base 6) to base 8
-4560
What is -761 (base 8) in base 15?
-232
3ba9 (base 12) to base 10
6897
What is -1212232 (base 4) in base 16?
-19ae
What is 2158 (base 13) in base 12?
2824
Convert -3574 (base 11) to base 15.
-15be
4aa5 (base 12) to base 10
8477
What is -9277 (base 10) in base 2?
-10010000111101
Convert -7aa (base 15) to base 11.
-1338
41533 (base 7) to base 13
485b
-71 (base 13) to base 9
-112
What is -2d8 (base 15) in base 4?
-22031
7bd3 (base 14) to base 11
15210
What is 3404 (base 5) in base 13?
2ab
-37d1 (base 15) to base 7
-46453
Convert 3743 (base 9) to base 14.
1037
Convert -7076 (base 8) to base 4.
-320332
Convert -10b0a (base 13) to base 11.
-20954
What is -1001101010011111 (base 2) in base 4?
-21222133
20c1 (base 15) to base 3
100111201
1012212 (base 3) to base 6
4035
111000001101 (base 2) to base 14
144d
What is -1136 (base 9) in base 5?
-11333
What is -1a2 (base 11) in base 5?
-1413
What is -121112 (base 3) in base 12?
-312
C